s ab9 + -685c7?
-6780b
In base 16, what is 9c275c - -2?
9c275e
In base 13, what is 27 + -7370?
-7346
In base 4, what is 10 + 210323201200?
210323201210
In base 8, what is 2 + -5514433?
-5514431
In base 6, what is 2451 + 24155?
31050
In base 15, what is 19 - -361992?
3619ab
In base 3, what is -1 + 10001102202100?
10001102202022
In base 6, what is 31042 - -2300?
33342
In base 12, what is -5 - 25800b3?
-25800b8
In base 8, what is -3533021 - 2?
-3533023
In base 16, what is 27717 + 3?
2771a
In base 7, what is -3250623122 - 1?
-3250623123
In base 12, what is 19 + 1ab4059?
1ab4076
In base 2, what is -1010101100101 + 10100011000110?
1001101100001
In base 16, what is 0 - 96aa8f?
-96aa8f
In base 14, what is 0 + -66ab25?
-66ab25
In base 9, what is 61 - -1051875?
1052046
In base 16, what is -bf4f - -1cf?
-bd80
In base 16, what is -273 - -73d?
4ca
In base 5, what is -12002233 - -2434?
-11444244
In base 15, what is 31a + 2e0ec?
2e417
In base 2, what is -1011101110010 - 10000111100010000?
-10010011010000010
In base 8, what is 125165 + -75?
125070
In base 10, what is 116358 + -273?
116085
In base 9, what is -10 + -8134572?
-8134582
In base 7, what is -5 + 33500651?
33500643
In base 2, what is 100001 + -101000100011101100?
-101000100011001011
In base 9, what is -3742 - -25734?
21882
In base 3, what is 12 + 10101212122220200?
10101212122220212
In base 15, what is c4c403a + -2?
c4c4038
In base 16, what is -35 + -13770?
-137a5
In base 14, what is a + a954b?
a9557
In base 15, what is 76ac7 + d?
76ad5
In base 9, what is 3401 - -33665?
37166
In base 3, what is 2120 + 20210010?
20212200
In base 3, what is -100 + 1120100010202?
1120100010102
In base 3, what is -12222 - 10210010020102?
-10210010110101
In base 12, what is -40 + -365186?
-365206
In base 11, what is 4249 + -1a05?
2344
In base 6, what is 3 + -151150053?
-151150050
In base 3, what is -2002202 - 2002022002?
-2011101211
In base 3, what is 0 - 2110101020001222?
-2110101020001222
In base 13, what is 133b350 - -3c?
133b38c
In base 5, what is 2012244224 + 24?
2012244303
In base 14, what is -1785a - -9c?
-1779c
In base 13, what is -b + 301b50?
301b42
In base 13, what is -1161 - c161?
-102c2
In base 3, what is -1 - 2112121222?
-2112122000
In base 14, what is 9d454184 + 0?
9d454184
In base 13, what is -1c152189 - -1?
-1c152188
In base 16, what is 3b1 + -273a?
-2389
In base 15, what is -3 - 117678?
-11767b
In base 4, what is 20302220001 - 20?
20302213321
In base 10, what is -177 + 151700?
151523
In base 9, what is 1 - 45527066?
-45527065
In base 10, what is -30 - 5540697?
-5540727
In base 15, what is 327b + -42d?
2d4d
In base 8, what is 12420 + -4007?
6411
In base 8, what is -4 - -213363?
213357
In base 14, what is 62ab8 - 47c?
6263a
In base 16, what is -7 + d9402?
d93fb
In base 16, what is -4c12 - 28fd?
-750f
In base 5, what is -133340111414 - -3?
-133340111411
In base 8, what is 66107165 - 1?
66107164
In base 7, what is -53410531 - 12?
-53410543
In base 8, what is 11542 - 121557?
-110015
In base 7, what is 1656156 + 4?
1656163
In base 6, what is -3223413 - 51?
-3223504
In base 14, what is 101c9d0 - 5?
101c9c9
In base 9, what is 2735 - -1371?
4216
In base 10, what is -61 + -4155399?
-4155460
In base 10, what is 100 - -1641546?
1641646
In base 16, what is a9a + -78?
a22
In base 4, what is -13013 - 13211102?
-13230121
In base 4, what is -122131130 + 332?
-122130132
In base 7, what is 613322 + 154?
613506
In base 9, what is -4226225 + 35?
-4226180
In base 8, what is 22104107 + 2?
22104111
In base 8, what is 3 - 2710575465?
-2710575462
In base 6, what is -453 - 24100554?
-24101451
In base 9, what is -72 - 277316?
-277388
In base 6, what is 11140202313 + -3?
11140202310
In base 13, what is 143bb36 + 3?
143bb39
In base 4, what is 32 - -1103330220?
1103330312
In base 2, what is -11 - -1101001010100000110000101?
1101001010100000110000010
In base 8, what is -5 + -704411404?
-704411411
In base 14, what is 2c0706d + -4?
2c07069
In base 3, what is -110102 + 12222012?
12111210
In base 16, what is -c7849 - -8?
-c7841
In base 13, what is -334615 - -431?
-3341b4
In base 9, what is 1 - 112623235?
-112623234
In base 11, what is 597009 - 233?
596886
In base 2, what is -10001001001011010010100101 - 11?
-10001001001011010010101000
In base 15, what is 5 - -14108?
1410d
In base 4, what is -1 - 1103323011?
-1103323012
In base 14, what is 14bc0 + 20b?
14dcb
In base 5, what is -23 + -14013302112?
-14013302140
In base 6, what is 213121 - 22101?
151020
In base 12, what is -2a0 - 443355?
-443635
In base 10, what is -87721 + 18?
-87703
In base 2, what is 10111101000101011001 + -1110?
10111101000101001011
In base 2, what is -101 + 10000000110001011101?
10000000110001011000
In base 16, what is f512ab + 3?
f512ae
In base 12, what is 2a236b2 - -7?
2a236b9
In base 10, what is 534924 - 27?
534897
In base 2, what is -101101111101011011101 + 11100101?
-101101111100111111000
In base 7, what is -2164 - -135123?
132626
In base 10, what is 8442 - 32?
8410
In base 15, what is -7667852 + -2?
-7667854
In base 4, what is 20131111 - -3103?
20200220
In base 3, what is -10 + 21111202202?
21111202122
In base 16, what is 1c66e + 3f5?
1ca63
In base 4, what is -1012022123 + -1012223?
-1013101012
In base 14, what is -2 - 2dd019?
-2dd01b
In base 7, what is -40423652 + -5?
-40423660
In base 14, what is 5 + 24a7cd1?
24a7cd6
In base 7, what is -3353100356 + -2?
-3353100361
In base 16, what is 9f14 + c2?
9fd6
In base 5, what is 32021220113 - 10?
32021220103
In base 15, what is -15 - -91c0?
91aa
In base 2, what is 1000100000001010010011001011 + 11?
1000100000001010010011001110
In base 2, what is -1111101001010001 - 10000111?
-1111101011011000
In base 9, what is -2453 + -118187?
-121651
In base 3, what is -1002221002012 - 200?
-1002221002212
In base 9, what is 8 - 21337848?
-21337840
In base 3, what is 200222020022 + -22000?
200221221022
In base 16, what is 8bd - dae?
-4f1
In base 14, what is -13b5881b + -5?
-13b58822
In base 14, what is 139 + 22d3a?
23075
In base 6, what is -423 + -11224000?
-11224423
In base 12, what is a555 - 3761?
69b4
In base 15, what is -2 + 5dc82d?
5dc82b
In base 13, what is -29 - 3958399?
-39583c5
In base 13, what is -8425466 - 17?
-8425480
In base 9, what is 35 + 60376737?
60376773
In base 14, what is -886 - -632?
-254
In base 4, what is -2 + 2223300121113?
2223300121111
In base 5, what is -114224031 - -12?
-114224014
In base 5, what is -4 - 23203302442?
-23203303001
In base 12, what is -4 - -87a5622?
87a561a
In base 10, what is 91 + -1451318?
-1451227
In base 4, what is 22 - 1323103121?
-1323103033
In base 6, what is -252440 + -41431?
-334311
In base 9, what is 8421 + 35171?
44602
In base 13, what is -34a7c0c + 38?
-34a7ba4
In base 4, what is 300 - -233333020?
233333320
In base 9, what is -1088843 + 5?
-1088837
In base 8, what is 22657 + 1141?
24020
In base 4, what is 0 + -230032130133?
-230032130133
In base 8, what is 25756 - 43?
25713
In base 11, what is 22a1 + 2134?
4425
In base 11, what is -1682382 - -3?
-168237a
In base 5, what is -103 - 133341142?
-133341300
In base 2, what is 100100 - 111101001011111110?
-111101001011011010
In base 12, what is -216b48 - -12?
-216b36
In base 16, what is -9 + -131791?
-13179a
In base 14, what is 795b - 932?
7029
In base 12, what is -a00 + -6159?
-6b59
In base 16, what is -28 + -61f35?
-61f5d
In base 14, what is 3 - 152b14a?
-152b147
In base 9, what is 67 - 252045?
-251867
In base 7, what is 300554141 + 5?
300554146
In base 16, what is 1a0a626 - 4?
1a0a622
In base 10, what is 1 + -24158319?
-24158318
In base 12, what is 492 + 21b7a?
22450
In base 15, what is 2268355 + 2?
2268357
In base 10, what is 319 - 1295591?
-1295272
In base 6, what is 21130213 + 114?
21130331
In base 14, what is -15481b - 404?
-154c21
In base 14, what is -13 - 1144d?
-11462
In base 7, what is 26 - -444241255?
444241314
In base 11, what is 32519 + 477?
32995
In base 3, what is -21021000020220 + 1?
-21021000020212
In base 10, what is -1 + 8044808?
8044807
In base 16, what is -7bc - 30c?
-ac8
In base 6, what is -4555000 - 21?
-4555021
In base 16, what is -1cb437 + 139?
-1cb2fe
In base 12, what is 4a - 73b21?
-73a93
In base 9, what is 2356 + 67032?
70388
In base 6, what is -3034450413 + 3?
-3034450410
In base 8, what is 1473567 - -5?
1473